se w = -2*m + 203, -q*m - 4*w = -359 - 147. List the prime factors of m.
2, 3, 17
Let v = 1 + -21. Suppose -5*i = 3*n + 2*n + 75, 5*i - 4*n = -48. Let g = i - v. What are the prime factors of g?
2
Suppose 7*v = 125 + 15. Suppose 0 = 5*r - v, -4*p + 0*r = -r - 136. List the prime factors of p.
5, 7
Let v(f) = 11*f**2 - 17*f - 33. List the prime factors of v(-6).
3, 5, 31
Let h(o) = 2*o**2 + 4*o - 2. Suppose -4*c + 2*v = -46, -5*c = -0*c - 4*v - 56. Suppose -3*p + m - 5*m = c, 0 = 3*p + m + 12. List the prime factors of h(p).
2, 7
Suppose 2*x - 5*t - 635 = 0, t = -5*x + 1620 - 19. Suppose x = 7*c - 2*c. Suppose 0 = 5*h - h - c. List the prime factors of h.
2
Let q(w) = w**3 + 7*w**2 + 5*w - 9. Let j be q(-6). Let s(g) = -g - 1. Let l be s(j). Suppose -l*f - 28 = -3*f. What are the prime factors of f?
2, 7
Let u(n) = 28*n + 46. Let s(l) = -9*l - 15. Let h(p) = -16*s(p) - 5*u(p). Let o = 1418 - 1408. What are the prime factors of h(o)?
2, 5
Let q(m) = m**3 - 10*m**2 + 20*m - 48. What are the prime factors of q(11)?
293
Suppose 6 = 3*u, -14*j = -16*j + 4*u + 1534. List the prime factors of j.
3, 257
Suppose -1515*z + 1476 = -1509*z. What are the prime factors of z?
2, 3, 41
Let d(f) = -36*f - 6. Let x be d(2). List the prime factors of 14/(-28) + x/(-4).
19
Let q be 8/(-32) - 21/(-4). Let v be 1/q + 144/30. Suppose -4*r + v*d + 222 = 0, -2*r + 3*d + 0*d = -112. What are the prime factors of r?
53
Suppose -23 = -4*x + w, -28 = -2*x - 3*x + w. Suppose -2*o - 3 = -x*o. List the prime factors of (3/o)/((-2)/(-14)).
3, 7
Suppose -11*j = 2*t - 8*j - 4088, 3*j = 2*t - 4088. What are the prime factors of t?
2, 7, 73
Suppose 220 = 3*k + 217. Let x(l) = l**3 + 5*l**2 + 5*l - 1. Let f be x(-4). List the prime factors of (-24 - k)*(f + 3).
2, 5
Let h be 335/9 + 2/(-9). Let p be h - (16/2)/4. Let b = p - 18. List the prime factors of b.
17
Let x(h) = h**2 + h + 3*h**2 - 4*h + h**3 - 9. Let k(n) = -5*n**3 - 19*n**2 + 15*n + 46. Let f(u) = 2*k(u) + 11*x(u). List the prime factors of f(-6).
11
Suppose 2*p - 4 = 4. List the prime factors of 2/(-4)*(p - 26).
11
Let u(y) = 4*y**3 - y**2 - 4*y - 4. Let s be u(-3). Let b = -70 - s. Suppose -3*o = 4*d - b, -d = -4*o - 1 - 23. List the prime factors of d.
2, 3
Suppose -222*z = -218*z - 1088. What are the prime factors of z?
2, 17
Let u(l) = -3*l - 4. Let r be u(-3). Suppose -r*h + 11 = 46. List the prime factors of (-16)/h - (-24)/(-84).
2
Suppose -3*x = 5*g + 12, 0 = g - x - 5 + 1. Let t = g + -2. What are the prime factors of (6/(-8))/(t/32)?
2, 3
Let d(f) = 10*f + 7. Let a(n) = -5*n - 3. Let t(m) = -5*a(m) - 3*d(m). List the prime factors of t(-4).
2, 7
Suppose -2*x - 3*x - 5*n = -10, -3*n + 2 = x. Let p be 4 - (x - -1) - -12. Suppose -l - 7 = -4*o, 3*o - p = -4*l + 16. What are the prime factors of l?
5
Suppose 3*g - 429 = 3*h + 42, 322 = 2*g - 4*h. Suppose 2*m = -10, q - 9*m = -7*m + g. List the prime factors of q.
11, 13
Let z(w) = -22*w**3 - w**2 - 2. Let m be z(-2). Suppose 4*s + m + 104 = 5*o, -2*s = -5*o + 282. Suppose -5*i + 242 + o = 0. What are the prime factors of i?
2, 3, 5
Let x = 172 - 40. Let r = 22 - 22. Suppose -w - w + x = r. List the prime factors of w.
2, 3, 11
Suppose 3*z = -r + 14, 4 + 4 = 4*r. Suppose 0 = -5*q - 4*m - 118, 2*m + 70 = -3*q - 0*m. List the prime factors of -10*q/z - 3.
2, 13
Suppose 5*y + 164 = 2*w, 3*y = 9 - 3. Let n = -72 + w. What are the prime factors of n?
3, 5
Let o = -13 - -16. What are the prime factors of 10 + (-3 - (-3)/o)?
2
What are the prime factors of ((-759)/23)/(2/(-24))?
2, 3, 11
Let g(i) = 93*i**2 + i + 1. Let k be g(1). List the prime factors of (k/(-38))/((-2)/28).
5, 7
Suppose 5*q + 3*t = t - 8, -q - 12 = 3*t. Suppose q = 5*w - 4*b - 42 - 14, -b + 25 = 2*w. What are the prime factors of w?
2, 3
Suppose 4*b + 0*b + 16 = 0. Let c(p) = -p**2 - 4*p + 5. Let y be c(b). Suppose -y*h - 4*m + 73 + 27 = 0, 5*h - 5*m - 100 = 0. What are the prime factors of h?
2, 5
Let f(c) = 2 - 1 - c + 3. Let h be f(2). Suppose 0 = h*l - 8, 3 - 1 = -2*b + 4*l. List the prime factors of b.
7
Let r = 7 + -13. Let d(y) = -4*y**3 - y**2 + y + 2. Let f(n) = 5*n**3 + 2*n**2 - 2. Let m(v) = r*d(v) - 5*f(v). List the prime factors of m(-4).
2, 11
Let w(a) be the third derivative of 7*a**4/24 - 7*a**3/2 + 2*a**2. What are the prime factors of w(8)?
5, 7
What are the prime factors of (-106 - -49)/((-3)/7)?
7, 19
Let n(i) = i - 19. Let b be n(13). Let t be 45/(-6)*b/9. Suppose t*r = 4*r + 25. What are the prime factors of r?
5
Suppose 560 = x - 2*u, 4*u + 1090 = 3*x - 600. List the prime factors of x.
2, 3, 5, 19
Let y be (-1368)/10 - (66/30 + -2). Let a = -76 - y. List the prime factors of a.
61
Suppose -12 = 5*z - 4*d, -1 - 11 = 4*z - 4*d. Let l be 0*(1 - 1/2). Suppose 0 = -5*v + 25, z = -p - l*p - v + 50. What are the prime factors of p?
3, 5
Suppose 2*n + 6 = -2*j, 3*j - 15 + 3 = 4*n. Suppose j = g - 2*g + 7. Let h = 9 - g. What are the prime factors of h?
2
Let s(p) = 0*p**2 + 4*p**2 + p**2 - 3*p + p**3. Let w = 173 - 178. What are the prime factors of s(w)?
3, 5
Let j be 1 + -126 + 11 + -7. Let g = j - -155. List the prime factors of g.
2, 17
Suppose -32 + 24 = -2*r. Suppose -6*g + 112 = -r*g. What are the prime factors of g?
2, 7
Suppose 5*o - 4*p = 3*o + 228, 2*o - 198 = -2*p. Let s = -25 + o. List the prime factors of s.
79
Let d = -22 - -24. Suppose 2*z = -d*c - 0*z + 292, 0 = -3*z + 9. What are the prime factors of c?
11, 13
Let h(d) = -d**2 - 11*d - 13. Let r(o) = 7*o + 1. Let a(c) = -c**2 + 14*c - 14. Let q be a(13). Let n be r(q). List the prime factors of h(n).
17
Let q(z) = -3*z**3 + 11*z**2 + 11*z + 19. What are the prime factors of q(-5)?
2, 307
Let m(k) = -7*k**3 - 4*k - 2. Let u(i) = -13*i**3 + i**2 - 7*i - 5. Let j(t) = 5*m(t) - 3*u(t). List the prime factors of j(3).
89
Suppose -4*u + 9*o + 567 = 8*o, 0 = -4*o - 12. What are the prime factors of u?
3, 47
Suppose 50*b = 76*b - 53612. List the prime factors of b.
2, 1031
Suppose 6*m - m = -5*j - 140, 3*j - 5*m + 116 = 0. Let c = j + 37. List the prime factors of c.
5
Let o be (-470)/(-70) + 2/7. Suppose -o*r + 3*r + 108 = 0. Suppose -m + i = 2*m - r, -5*m - 2*i = -56. List the prime factors of m.
2, 5
Suppose -i - 5 = -2*j - 144, -5*j = -3*i + 348. Let l = 165 + j. What are the prime factors of l?
2, 3
Let k be 6 - -14 - (0 + 3). Let n = k + 15. What are the prime factors of n?
2
Let p be (-257)/5 - (-4)/10. Let a(r) = r**2 + 4*r + 15. Let g be a(-10). Let n = p + g. List the prime factors of n.
2, 3
Suppose 4*o + 26*j - 224 = 29*j, 0 = o + 3*j - 56. List the prime factors of o.
2, 7
Let d = -213 - -439. List the prime factors of d.
2, 113
Suppose 0 = -6*o + 269 - 17. Suppose -4*p + o = -p - 3*q, -5 = -q. Let j = 9 + p. What are the prime factors of j?
2, 7
Suppose 41*l = 57*l - 34976. List the prime factors of l.
2, 1093
Let d be (24/(-9) + 3)*-9. Let v be ((-4)/3)/(2/d). Suppose 90 = v*s + s. What are the prime factors of s?
2, 3, 5
Let v = 2 - 9. Let i = 41 - 46. What are the prime factors of v - -14 - (i + 1)?
11
Let v(i) = -i**3 + 9*i**2 - 3*i + 4. Let h = 1 - -5. Let n be v(h). Suppose 4*o - 54 = n. List the prime factors of o.
37
List the prime factors of 378630/162 + (-10)/45.
3, 19, 41
Let b(i) = i**2 - 2*i - 6. Let v be b(6). Let t be ((-55)/(-10) - 5)*10. Suppose -167 = -t*w + v. What are the prime factors of w?
37
Suppose -7*l - 95 = -2419. Suppose -l = -2*f + 2*y, 3*f - 469 = 4*y + 33. What are the prime factors of f?
2, 3
Let l = 401 - 568. Let s = -19 - l. List the prime factors of s.
2, 37
Let b be -11 - -14 - (-333 - -2). Let w = b + -136. What are the prime factors of w?
2, 3, 11
Let t(c) = -49*c + 22. Suppose -21 = 4*z + 5*w, 2*z + 2*w - 6 = 4*z. List the prime factors of t(z).
2, 109
Let x = -133 - -907. List the prime factors of x.
2, 3, 43
Let q be 18/(-24) + (-30)/(-8). Suppose q*d = 4*d - 71. What are the prime factors of d?
71
Let j(l) = 11*l**2 - 4*l - 8. List the prime factors of j(4).
2, 19
Let o = 237 + 120. List the prime factors of o.
3, 7, 17
Suppose 19097 = 12*u + 2201. List the prime factors of u.
2, 11
Suppose -q + 383 = -229. List the prime factors of q.
2, 3, 17
Let k = -33 + 44. Suppose -4*x + 0 = -4. Suppose x = 3*u - k. List the prime factors of u.
2
Suppose 4*a = 6*a, -5*a = -b + 